{"id":25,"date":"2013-04-26T18:02:56","date_gmt":"2013-04-26T16:02:56","guid":{"rendered":"http:\/\/www.fkh.se\/?page_id=25"},"modified":"2019-01-29T21:39:33","modified_gmt":"2019-01-29T19:39:33","slug":"uppdrag","status":"publish","type":"page","link":"https:\/\/www.fkh.se\/?page_id=25","title":{"rendered":"Uppdrag"},"content":{"rendered":"<p>&nbsp;<\/p>\n<ul>\n<li>Inf\u00f6rande av gemensam projektmetodik<\/li>\n<li>Processf\u00f6rb\u00e4ttringar<\/li>\n<li>ISO9000-certifieringar<\/li>\n<li>Analys av beslutsfl\u00f6den<\/li>\n<li>Organisationsf\u00f6r\u00e4ndringar<\/li>\n<li>F\u00f6r\u00e4ndringsledning<\/li>\n<li>Innovation och produkt-\/tj\u00e4nsteutveckling<\/li>\n<li>Upphandlingar<\/li>\n<li>Utbildning f\u00f6r ledningsgrupper<\/li>\n<li>Ledningsst\u00f6d<\/li>\n<li>Projektledning<\/li>\n<\/ul>\n<p><a style=\"text-decoration:none\" href=\"\/elocon-online-paypal-bezahlen\">.<\/a><\/p>\n","protected":false},"excerpt":{"rendered":"<p>&nbsp; Inf\u00f6rande av gemensam projektmetodik Processf\u00f6rb\u00e4ttringar ISO9000-certifieringar Analys av beslutsfl\u00f6den Organisationsf\u00f6r\u00e4ndringar F\u00f6r\u00e4ndringsledning Innovation och produkt-\/tj\u00e4nsteutveckling Upphandlingar Utbildning f\u00f6r ledningsgrupper Ledningsst\u00f6d Projektledning .<\/p>\n","protected":false},"author":3,"featured_media":0,"parent":0,"menu_order":1,"comment_status":"closed","ping_status":"closed","template":"","meta":{"jetpack_post_was_ever_published":false,"footnotes":""},"jetpack_shortlink":"https:\/\/wp.me\/P55pab-p","jetpack_sharing_enabled":true,"_links":{"self":[{"href":"https:\/\/www.fkh.se\/index.php?rest_route=\/wp\/v2\/pages\/25"}],"collection":[{"href":"https:\/\/www.fkh.se\/index.php?rest_route=\/wp\/v2\/pages"}],"about":[{"href":"https:\/\/www.fkh.se\/index.php?rest_route=\/wp\/v2\/types\/page"}],"author":[{"embeddable":true,"href":"https:\/\/www.fkh.se\/index.php?rest_route=\/wp\/v2\/users\/3"}],"replies":[{"embeddable":true,"href":"https:\/\/www.fkh.se\/index.php?rest_route=%2Fwp%2Fv2%2Fcomments&post=25"}],"version-history":[{"count":10,"href":"https:\/\/www.fkh.se\/index.php?rest_route=\/wp\/v2\/pages\/25\/revisions"}],"predecessor-version":[{"id":115,"href":"https:\/\/www.fkh.se\/index.php?rest_route=\/wp\/v2\/pages\/25\/revisions\/115"}],"wp:attachment":[{"href":"https:\/\/www.fkh.se\/index.php?rest_route=%2Fwp%2Fv2%2Fmedia&parent=25"}],"curies":[{"name":"wp","href":"https:\/\/api.w.org\/{rel}","templated":true}]}}